on divisor of 7337 and 99.
11
What is the highest common factor of 46 and 1403?
23
Calculate the highest common divisor of 1602 and 54.
18
What is the highest common factor of 259 and 21?
7
What is the greatest common divisor of 108 and 351?
27
What is the highest common factor of 7 and 112?
7
Calculate the greatest common divisor of 36 and 108.
36
Calculate the highest common factor of 1310 and 1834.
262
What is the greatest common divisor of 132 and 352?
44
Calculate the highest common divisor of 84 and 1050.
42
Calculate the highest common factor of 7 and 497.
7
Calculate the greatest common factor of 9040 and 4.
4
What is the highest common factor of 531 and 72?
9
What is the highest common divisor of 143 and 242?
11
Calculate the highest common factor of 396 and 81.
9
Calculate the greatest common factor of 16064 and 64.
64
Calculate the greatest common divisor of 22 and 4191.
11
What is the highest common factor of 42 and 48?
6
Calculate the greatest common factor of 2010 and 3.
3
What is the greatest common factor of 2718 and 755?
151
What is the greatest common factor of 146 and 2482?
146
What is the highest common factor of 273 and 8099?
91
Calculate the highest common divisor of 5835 and 30.
15
What is the greatest common factor of 98791 and 77?
77
What is the greatest common divisor of 888 and 16?
8
Calculate the greatest common factor of 33 and 66.
33
Calculate the highest common factor of 1357 and 59.
59
Calculate the greatest common factor of 3916 and 110.
22
What is the greatest common divisor of 5206 and 38?
38
Calculate the highest common divisor of 2183 and 37.
37
Calculate the greatest common divisor of 34 and 34.
34
What is the highest common divisor of 39 and 9?
3
Calculate the highest common factor of 89 and 9167.
89
Calculate the highest common divisor of 350 and 14.
14
Calculate the greatest common factor of 1853 and 109.
109
Calculate the highest common factor of 53 and 1060.
53
What is the highest common factor of 1184 and 74?
74
Calculate the highest common factor of 425 and 200.
25
Calculate the highest common divisor of 24052 and 14.
14
What is the greatest common divisor of 4 and 332?
4
What is the greatest common factor of 224 and 98?
14
Calculate the highest common divisor of 35 and 19915.
35
What is the highest common factor of 56 and 5334?
14
What is the greatest common factor of 944 and 59?
59
Calculate the highest common factor of 1776 and 96.
48
What is the greatest common factor of 1428 and 102?
102
What is the greatest common divisor of 16 and 16792?
8
What is the greatest common factor of 76 and 266?
38
What is the highest common factor of 807 and 9?
3
Calculate the highest common factor of 66 and 66.
66
What is the highest common factor of 18 and 171?
9
Calculate the highest common factor of 20 and 60.
20
Calculate the highest common factor of 36 and 1332.
36
What is the highest common divisor of 2075 and 166?
83
Calculate the greatest common factor of 590 and 30.
10
Calculate the greatest common factor of 26 and 169.
13
What is the greatest common divisor of 850 and 100?
50
What is the greatest common factor of 40 and 37160?
40
What is the greatest common factor of 6726 and 4956?
354
Calculate the highest common divisor of 26 and 962.
26
What is the greatest common divisor of 198 and 44?
22
Calculate the greatest common factor of 28 and 3136.
28
What is the greatest common factor of 50 and 2800?
50
Calculate the greatest common factor of 768 and 12.
12
What is the highest common factor of 1792 and 28?
28
What is the highest common factor of 16282 and 14?
14
Calculate the highest common divisor of 136 and 8.
8
What is the highest common divisor of 1340 and 20?
20
What is the highest common factor of 2 and 81?
1
Calculate the greatest common divisor of 675 and 441.
9
Calculate the greatest common factor of 6437 and 41.
41
What is the highest common factor of 2491 and 141?
47
What is the highest common factor of 6835 and 10?
5
Calculate the greatest common divisor of 30 and 12.
6
What is the greatest common divisor of 37 and 333?
37
Calculate the highest common factor of 994 and 84.
14
Calculate the greatest common factor of 222 and 12.
6
What is the highest common divisor of 3806 and 865?
173
Calculate the greatest common divisor of 5570 and 50.
10
What is the highest common divisor of 126 and 567?
63
What is the greatest common divisor of 455 and 1456?
91
Calculate the highest common factor of 370 and 111.
37
What is the greatest common divisor of 71 and 3337?
71
Calculate the greatest common divisor of 1469 and 13.
13
Calculate the highest common divisor of 8649 and 45.
9
Calculate the greatest common divisor of 42 and 105.
21
Calculate the greatest common divisor of 37 and 23347.
37
What is the highest common divisor of 8 and 6328?
8
Calculate the greatest common factor of 2068 and 44.
44
What is the highest common divisor of 975 and 30?
15
What is the greatest common divisor of 285 and 2565?
285
What is the highest common factor of 48 and 752?
16
Calculate the highest common factor of 9353 and 188.
47
Calculate the greatest common factor of 16 and 73.
1
Calculate the greatest common factor of 15300 and 180.
180
Calculate the highest common factor of 84 and 308.
28
What is the greatest common divisor of 5100 and 68?
68
What is the highest common divisor of 410 and 30?
10
What is the greatest common factor of 104 and 36?
4
What is the highest common factor of 95 and 57?
19
Calculate the highest common factor of 425 and 17.
17
Calculate the highest common factor of 15309 and 63.
63
What is the highest common divisor of 24 and 40?
8
Calculate the highest common divisor of 36 and 69.
3
What is the highest common factor of 1507 and 137?
137
Calculate the greatest common divisor of 12 and 426.
6
Calculate the highest common divisor of 100 and 176.
4
What is the greatest common factor of 11 and 539?
11
What is the highest common divisor of 2772 and 24?
12
What is the greatest common divisor of 54 and 12?
6
What is the highest common factor of 79 and 4661?
79
What is the highest common divisor of 4802 and 1078?
98
Calculate the highest common divisor of 19 and 4807.
19
Calculate the greatest common factor of 46 and 115.
23
What is the highest common factor of 8 and 18472?
8
Calculate the highest common divisor of 1158 and 6.
6
What is the highest common divisor of 42 and 2625?
21
Calculate the highest common divisor of 602 and 86.
86
Calculate the greatest common divisor of 150 and 5.
5
Calculate the greatest common divisor of 69 and 1104.
69
Calculate the greatest common divisor of 12 and 492.
12
Calculate the highest common factor of 20 and 56.
4
What is the greatest common factor of 380 and 2?
2
Calculate the highest common divisor of 1716 and 72.
12
Calculate the greatest common divisor of 99 and 561.
33
What is the highest common factor of 133 and 684?
19
Calculate the greatest common factor of 2016 and 28.
28
What is the greatest common factor of 1644 and 84?
12
Calculate the greatest common factor of 2354 and 22.
22
What is the greatest common divisor of 2763 and 9?
9
What is the highest common factor of 207 and 690?
69
What is the greatest common factor of 810 and 90?
90
Calculate the greatest common factor of 20 and 236.
4
What is the highest common divisor of 7 and 63?
7
What is the greatest common factor of 17 and 901?
17
What is the greatest common factor of 152 and 50312?
152
Calculate the greatest common divisor of 1480 and 4958.
74
What is the highest common factor of 26 and 8411?
13
Calculate the greatest common factor of 95 and 7695.
95
What is the highest common factor of 335 and 201?
67
Calculate the greatest common factor of 138 and 330.
6
What is the greatest common factor of 5 and 80?
5
Calculate the greatest common divisor of 40456 and 208.
104
Calculate the highest common factor of 8241 and 123.
123
What is the greatest common divisor of 6 and 4038?
6
What is the greatest common divisor of 442 and 26?
26
Calculate the highest common factor of 11 and 11.
11
Calculate the highest common factor of 4 and 198.
2
What is the greatest common divisor of 493 and 34?
17
Calculate the greatest common divisor of 55 and 1012.
11
What is the highest common divisor of 574 and 369?
41
What is the